70
Let o(y) = 13*y - 140. Let g(p) = -4*p + 46. Let a(j) = 14*g(j) + 4*o(j). Let u be a(21). Let r(c) = c**3 + c**2 + c - 1. What is r(u)?
-1
Suppose 3109*a - 285 = 3014*a. Let z(c) = 10*c - 2. Let s(i) = -11*i + 2. Let q(u) = 3*s(u) + 2*z(u). Calculate q(a).
-37
Let f(n) be the third derivative of n**4/8 - 5*n**3/6 - 101*n**2 - 4. Give f(5).
10
Suppose -28 = 6*b - 13*b. Suppose 0 = 2*s - i + 1 - 18, 4*s = -b*i + 4. Let a(h) = h**2 - 9*h - 5. Calculate a(s).
-23
Let b(w) = w + 1. Suppose o = -2, -3*h + 0*h + 121 = 4*o. Let t = -4 + h. Suppose -42*i + 15 = -t*i. Give b(i).
6
Let g(i) = 104*i - 66. Let t(q) = -q**2 + 314*q - 211. Let s(d) = -10*g(d) + 3*t(d). What is s(-33)?
-6
Let p(d) = -9*d**2 + d**3 - 13*d**2 + 28*d**2 + 5*d. Suppose -5*f - 5*o = -0*o, 3*f - 5*o = 40. Suppose -38*u = -39*u - f. Determine p(u).
0
Suppose 4*x = 2*i, 2*i - 25 - 2 = -5*x. Suppose i*n = -0*n + 36. Let y(u) = -u**2 + u + 5. What is y(n)?
-25
Let g be 7*1 + ((-253)/(-506))/(1/10). Let p(j) = 2*j**2 - 65*j + 495. Determine p(g).
3
Let y(i) = 3*i - 7. Let w = 23 - 46. Let u(k) = -k**2 - 23*k + 5. Let h be u(w). Suppose -h*v + 25 = -5*c, 0*v - 38 = -4*v - 5*c. Calculate y(v).
14
Let v(o) = 2 - 5*o - 4 - 3 + 3. Let w(r) = -6*r**3 - 66*r**2 + 57*r + 625. Let u be w(-11). What is v(u)?
8
Let p(m) = -12079*m - 72 + 6051*m + 6046*m. Calculate p(4).
0
Let b(c) = -9921*c - 6 - 74*c**3 + 75*c**3 + 9922*c + 7*c**2. What is b(-6)?
24
Let h(o) = 34*o**2 - o**3 + 5*o**2 + 1 + 1 - 21*o**2. Determine h(18).
2
Suppose g + 17 = -95. Let n = 112 + g. Let h(b) = -b + 4. Give h(n).
4
Let h(n) = -4*n - 5. Let x(a) be the second derivative of 2*a**3/3 + 3*a**2 + 11*a - 4. Let j(f) = -3*h(f) - 2*x(f). Determine j(-3).
-9
Suppose 45 + 15 = 5*b. Let d = -1383 + 1424. Suppose -5 = -b*p - d. Let i(h) = h**2 - 2*h - 3. Give i(p).
12
Let v(f) be the first derivative of f**5/120 + f**4/3 + 34*f**3/3 - 70. Let r(n) be the third derivative of v(n). Calculate r(-5).
3
Let h be 2/12*2 + (-387)/27. Let k(d) = -6*d - 68. Determine k(h).
16
Let b(m) = -m**3 + 6*m**2 + 6*m + 7. Let q be (-5235)/(-55) - (-4)/(-22). Let s = -152 + q. Let g = 64 + s. Determine b(g).
0
Let h(y) be the second derivative of -y**4/12 + y**3/2 + 5*y**2/2 - 417*y. Let j = -224 + 218. Give h(j).
-49
Let t(q) = q**3 + 24*q**2 - 9. Suppose -51*i - 881 = 343. What is t(i)?
-9
Suppose -a + 72 = -4*j - 0*j, 5*a = 4*j + 280. Suppose -4*d + 59 = -3*p + 3, a = 4*d - 2*p. Let t(k) = 2*k**2 - 21*k - 12. What is t(d)?
-1
Let x(z) = -6*z - 6017 + z**2 + 3015 + z**2 - 3*z**2 + 3006. Determine x(-11).
-51
Let t(h) be the third derivative of -5*h**4/8 - 55*h**3 - 2*h**2 + 4*h + 73. Calculate t(-22).
0
Let d be 6/9 - (2/(-3))/(-1). Let n(p) = 5*p - 35. Let r(o) = 3*o - 23. Suppose -2*k + 7*k = 40. Let u(t) = k*r(t) - 5*n(t). Give u(d).
-9
Let r(g) = 6*g + 26*g**3 - 6 + g**2 + 30*g**3 - 58*g**3 + 0*g**2. Determine r(-4).
114
Let r(n) = -n**3 + 2*n**2 - 36*n + 120. Let j be r(3). Let t(i) be the third derivative of -12*i**2 + 0*i + 0 - 1/2*i**j - 1/24*i**4. What is t(-6)?
3
Let w(j) = -209*j - 163. Let u be w(-1). Let z(a) = 12*a - 547. Determine z(u).
5
Suppose -197*y = -198*y - 4. Suppose -2*x + 4 = 3*i, 2*x - 24 = -5*i + 3*x. Let w be 1*((-5)/y)/(i/16). Let v(h) = -h + 7. Calculate v(w).
2
Suppose 41 - 203 = -27*i. Let n be 265/35 + i/14. Let r(v) = -v**2 + 8*v + 8. Calculate r(n).
8
Let g(k) be the second derivative of -5*k**3/6 + 5*k**2 + 33*k. Let r(u) = 2*u**2 - 2*u - 16. Let t be r(-3). Calculate g(t).
-30
Let w be 1/(-5) + (-1404)/(-20). Suppose w*u - 55*u + 75 = 0. Let b(h) = 4*h + 1. Give b(u).
-19
Let w(r) = 2*r**2 - 5*r + 1. Suppose 0 = 4*p - 14*v + 11*v + 1861, 5*p = -3*v - 2333. Let q = -462 - p. Calculate w(q).
13
Let n(i) = i**3 - 7*i**2 + 7*i + 8. Let a = 218 + -224. Let l be (3 - 3)/(-4)*-1. Let w be (l - 0 - -3) + a + 9. Give n(w).
14
Let g(a) = 31*a + 293. Let f be g(-9). Suppose 0 = 8*x - 10 - f. Let r(j) = -j**2 + 7*j - 2. Give r(x).
10
Let w(x) = x**2 + x + 17. Let n = -248 + 251. Suppose -5*y = 3*p - 6, -4*p + 2 = -n*y - 6. What is w(y)?
17
Let o(y) = -y**3 + 7*y**2 + 12*y - 4. Let f be (-3)/(-8)*-2 + (-715)/(-20). Let m = -35 + f. Suppose m = 4*d + d - 40. Calculate o(d).
28
Let u = -7712 - -7697. Let l(a) = 7*a + 127. Calculate l(u).
22
Suppose -2*p + 46 + 15 = -f, p + 3*f - 48 = 0. Let w(u) = 35260*u + u**2 - p - 35260*u. What is w(0)?
-33
Let j(l) = l**3 - 7*l**2 + 8*l - 9. Let n(g) = 4*g - 10. Let r be n(4). Let f be j(r). Let v(m) = m - 2 + 7*m**2 - f*m + 2 - 1. Give v(-1).
8
Let k(z) = 6*z - 2. Suppose 0 = -m + 5*n - 27, m = -n - 2*n - 3. Let c be m/(-36) - 10/(-6). What is k(c)?
10
Let g(c) = -2*c**3 - 5*c**2 + 4*c - 4. Suppose 2*q = 3*l - 21, 4*q - 17 = 3*q - 4*l. Let b be g(q). Let s(k) = k + 6. Give s(b).
-1
Let b(z) = 8*z**3 - z**2 - z + 1. Let a be b(1). Let g(n) = 0*n + n**2 - n + a + 10*n. Suppose -118*o - 181 = 712 - 67. Determine g(o).
-7
Let v(h) be the second derivative of -h**4/12 + 2*h**3/3 - 2*h. Suppose -2*a + 7 - 9 = x, a - 9 = -3*x. Calculate v(x).
0
Let y(d) = -68*d + 30*d + 46 + 27*d + 2 + 33. Calculate y(9).
-18
Let h(g) be the third derivative of g**7/2520 + g**6/720 - 7*g**5/60 - g**3 - 63*g**2. Let r(i) be the third derivative of h(i). Determine r(-1).
-1
Let d(t) = t**3 + t**2 - 1. Let f(c) = -c**3 + 5*c**2 + 60*c + 65. Let v be f(11). Determine d(v).
-1
Let a(i) be the first derivative of -i**2/2 + 72*i - 7854. What is a(0)?
72
Suppose 4*l = 9*l - 240. Let k = -44 + l. Suppose 5*u - n + k = 0, 4*n - 5*n = -3*u - 2. Let g(i) = -i. Determine g(u).
1
Let z(o) be the third derivative of 0*o + 2 - 5/12*o**4 + 1/60*o**5 - 277*o**2 - 11/6*o**3. What is z(11)?
0
Let f(k) = -k**3 - 7*k**2 + k. Suppose 13*n = -496 - 11. Let m = 63 + n. Suppose 8*a = -32 - m. Give f(a).
-7
Let w = 144 - 142. Let m(q) = -1 - 84*q + 31*q - 3*q**2 + 23*q + 22*q + 2*q**w. Determine m(-6).
11
Let q(w) be the second derivative of -61*w - 1/3*w**3 + 0 + 5*w**2. Calculate q(7).
-4
Let p be (-300)/8*4/3. Let s be ((-18)/5)/((-15)/p). Let m be (6/s)/((-4)/48). Let w(r) = r**3 - 6*r**2 - 2*r + 9. What is w(m)?
-3
Let t = 22870/33 + -7605/11. Let k(v) be the first derivative of -11 - t*v**3 - 1/2*v**2 + 0*v. Determine k(-1).
-4
Let p(c) = 7*c**2 + 11*c - 45. Let t(f) = 17*f**2 + 18*f - 92. Let k(g) = -5*p(g) + 2*t(g). Calculate k(-17).
75
Let w(n) be the first derivative of -n**3/3 + n**2/2 - 12*n + 15. Let o(p) = -2*p**2 + p - 10. Let d(y) = -6*o(y) + 5*w(y). Calculate d(1).
6
Let a(w) be the first derivative of -32*w**3/3 + 3*w**2/2 - 2*w - 1751. Calculate a(1).
-31
Let u(p) = p**2 - 12*p - 19. Suppose -21*f = -18*f. Suppose f = -12*g + 197 - 41. Determine u(g).
-6
Let s(v) be the third derivative of v**5/10 - v**3/3 - 2*v**2 + 1198. What is s(1)?
4
Let b(x) = -x**2 + 9*x - 7. Let k = -559 + -63. Let v = k + 630. Calculate b(v).
1
Let u(i) = 24 - 5*i**2 + 0*i**2 + 43*i + 2*i**3 - 4*i + 45*i**2. Let y be u(-19). Let d(b) = -b**2 + 3*b + 7. Calculate d(y).
-3
Let w(h) = h**3 + h**2 - 4*h - 1. Suppose -2*v - 6 = -v + v. Calculate w(v).
-7
Let u(i) = 2*i**2 + 7 - i**2 + 5*i**3 - 4*i**2 - 6*i**3 + 11*i + 11*i**2. Suppose 0 = 20*b - 1 - 179. Calculate u(b).
25
Let x(k) be the second derivative of -86 + 0*k**4 + 1/2*k**3 + 3/2*k**2 + 2*k + 1/20*k**5. Give x(-3).
-33
Let q(x) = 6*x + 4. Suppose 91*u - 96*u + 185 = 0. Suppose -40 = 3*b - 3*i - u, 6 = -3*b + 2*i. Determine q(b).
-20
Let b(r) = -r + 0 - r + 3 + r. Let y = 4641 - 4638. Determine b(y).
0
Let a(g) = g**2 + 7*g + 2. Let k be 4 + 9020/25 + (-1)/(-5). Let m be 3*(2/(-6))/(5/k). Let j = 66 + m. Determine a(j).
2
Let g(t) be the second derivative of 11*t**3/6 + 13*t**2/2 + 2*t - 326. Give g(-9).
-86
Let u be (1 + (-8)/6)*150/(-5). Suppose -u*n - 65 = 3*n. Let t(o) = o**2 + 6*o + 5. Give t(n).
0
Suppose 0 = -166*g + 168*g - 178. Let y(n) = 275*n**2 - g*n**2 - 3 - 89*n**2 + 3*n - 98*n**2. Let j = 7 - 3. Calculate y(j).
-7
Let p(x) = x**2 - 10*x + 13. Let i = -1358 + 1365. Give p(i).
-8
Let s(l) = -43*l. Let a(w) = 33*w + 2. Let p(f) = 4*a(f) + 3*s(f). Let v(j) = j**2 - 2*j + 2. Let z be v(3). Suppose z = 2*i + 3*i, c + 7 = i. Determine p(c).
-10
Let o(l) = -2*l**3 - 2*l**2 - 2*l. Let y = 209 + -213. Let u(m) = m**3 + 4*m**2 - 2. Let n be u(y). What is o(n)?
12
Let w be -16 + (6